
What is the remainder when 112 is divided by 16?
0
What is the remainder when 2623 is divided by 523?
8
Calculate the remainder when 6116 is divided by 18.
14
Calculate the remainder when 2418 is divided by 401.
12
Calculate the remainder when 693 is divided by 42.
21
What is the remainder when 1804 is divided by 14?
12
Calculate the remainder when 198 is divided by 108.
90
Calculate the remainder when 327 is divided by 66.
63
Calculate the remainder when 1085 is divided by 19.
2
What is the remainder when 1496 is divided by 50?
46
What is the remainder when 471 is divided by 72?
39
Calculate the remainder when 55 is divided by 26.
3
What is the remainder when 120 is divided by 31?
27
What is the remainder when 199 is divided by 7?
3
What is the remainder when 44 is divided by 28?
16
What is the remainder when 125 is divided by 37?
14
What is the remainder when 1102 is divided by 65?
62
What is the remainder when 46 is divided by 27?
19
What is the remainder when 493 is divided by 71?
67
What is the remainder when 844 is divided by 18?
16
Calculate the remainder when 195 is divided by 185.
10
Calculate the remainder when 526 is divided by 132.
130
Calculate the remainder when 1873 is divided by 28.
25
Calculate the remainder when 654 is divided by 308.
38
What is the remainder when 59 is divided by 3?
2
Calculate the remainder when 300 is divided by 79.
63
Calculate the remainder when 177 is divided by 30.
27
What is the remainder when 1139 is divided by 60?
59
What is the remainder when 1990 is divided by 144?
118
Calculate the remainder when 1138 is divided by 44.
38
What is the remainder when 209 is divided by 64?
17
What is the remainder when 10 is divided by 6?
4
Calculate the remainder when 122 is divided by 43.
36
What is the remainder when 3691 is divided by 84?
79
Calculate the remainder when 728 is divided by 185.
173
Calculate the remainder when 205 is divided by 52.
49
What is the remainder when 93 is divided by 14?
9
Calculate the remainder when 1557 is divided by 83.
63
Calculate the remainder when 776 is divided by 292.
192
What is the remainder when 840 is divided by 141?
135
Calculate the remainder when 8 is divided by 7.
1
What is the remainder when 1222 is divided by 364?
130
Calculate the remainder when 130 is divided by 37.
19
Calculate the remainder when 199 is divided by 90.
19
Calculate the remainder when 2382 is divided by 170.
2
Calculate the remainder when 111 is divided by 61.
50
What is the remainder when 871 is divided by 38?
35
Calculate the remainder when 265 is divided by 18.
13
Calculate the remainder when 6042 is divided by 27.
21
What is the remainder when 409 is divided by 103?
100
What is the remainder when 219 is divided by 9?
3
What is the remainder when 1333 is divided by 167?
164
What is the remainder when 79 is divided by 41?
38
What is the remainder when 114 is divided by 54?
6
What is the remainder when 201 is divided by 9?
3
Calculate the remainder when 1372 is divided by 109.
64
What is the remainder when 189 is divided by 28?
21
What is the remainder when 809 is divided by 104?
81
Calculate the remainder when 105 is divided by 62.
43
What is the remainder when 171 is divided by 90?
81
Calculate the remainder when 6 is divided by 4.
2
Calculate the remainder when 1916 is divided by 19.
16
What is the remainder when 208 is divided by 51?
4
What is the remainder when 588 is divided by 99?
93
What is the remainder when 634 is divided by 11?
7
What is the remainder when 4055 is divided by 4050?
5
Calculate the remainder when 128 is divided by 19.
14
Calculate the remainder when 15177 is divided by 12.
9
Calculate the remainder when 5548 is divided by 30.
28
What is the remainder when 1596 is divided by 36?
12
Calculate the remainder when 1122 is divided by 113.
105
What is the remainder when 535 is divided by 60?
55
What is the remainder when 2986 is divided by 12?
10
Calculate the remainder when 246 is divided by 50.
46
What is the remainder when 1323 is divided by 166?
161
Calculate the remainder when 1502 is divided by 325.
202
What is the remainder when 110 is divided by 13?
6
Calculate the remainder when 7966 is divided by 24.
22
What is the remainder when 1753 is divided by 9?
7
Calculate the remainder when 6477 is divided by 30.
27
Calculate the remainder when 210 is divided by 105.
0
What is the remainder when 153 is divided by 39?
36
Calculate the remainder when 204 is divided by 34.
0
Calculate the remainder when 415 is divided by 131.
22
Calculate the remainder when 98 is divided by 9.
8
Calculate the remainder when 314 is divided by 264.
50
Calculate the remainder when 2488 is divided by 10.
8
Calculate the remainder when 388 is divided by 15.
13
What is the remainder when 5693 is divided by 85?
83
What is the remainder when 101 is divided by 7?
3
Calculate the remainder when 69 is divided by 10.
9
What is the remainder when 437 is divided by 22?
19
Calculate the remainder when 187 is divided by 59.
10
Calculate the remainder when 117 is divided by 47.
23
Calculate the remainder when 1099 is divided by 29.
26
What is the remainder when 104 is divided by 23?
12
What is the remainder when 146 is divided by 69?
8
Calculate the remainder when 5228 is divided by 22.
14
Calculate the remainder when 2216 is divided by 32.
8
What is the remainder when 120 is divided by 12?
0
Calculate the remainder when 773 is divided by 23.
14
What is the remainder when 7392 is divided by 1232?
0
What is the remainder when 320 is divided by 23?
21
Calculate the remainder when 900 is divided by 495.
405
What is the remainder when 964 is divided by 80?
4
Calculate the remainder when 83 is divided by 33.
17
Calculate the remainder when 563 is divided by 46.
11
Calculate the remainder when 77 is divided by 16.
13
Calculate the remainder when 2648 is divided by 658.
16
Calculate the remainder when 374 is divided by 25.
24
What is the remainder when 729 is divided by 181?
5
Calculate the remainder when 310 is divided by 26.
24
What is the remainder when 315 is divided by 94?
33
What is the remainder when 337 is divided by 11?
7
What is the remainder when 207 is divided by 76?
55
What is the remainder when 153 is divided by 16?
9
What is the remainder when 700 is divided by 64?
60
What is the remainder when 178 is divided by 25?
3
Calculate the remainder when 735 is divided by 53.
46
Calculate the remainder when 70 is divided by 8.
6
What is the remainder when 2874 is divided by 131?
123
What is the remainder when 212 is divided by 57?
41
What is the remainder when 214 is divided by 12?
10
Calculate the remainder when 427 is divided by 33.
31
What is the remainder when 226 is divided by 76?
74
Calculate the remainder when 1832 is divided by 39.
38
What is the remainder when 183 is divided by 52?
27
Calculate the remainder when 669 is divided by 12.
9
What is the remainder when 62 is divided by 33?
29
Calculate the remainder when 806 is divided by 266.
8
What is the remainder when 946 is divided by 382?
182
Calculate the remainder when 36 is divided by 26.
10
Calculate the remainder when 126 is divided by 59.
8
What is the remainder when 96 is divided by 10?
6
Calculate the remainder when 41703 is divided by 42.
39
Calculate the remainder when 2397 is divided by 25.
22
Calculate the remainder when 935 is divided by 18.
17
Calculate the remainder when 20 is divided by 10.
0
What is the remainder when 307 is divided by 103?
101
Calculate the remainder when 34 is divided by 27.
7
What is the remainder when 15859 is divided by 7?
4
Calculate the remainder when 198 is divided by 61.
15
What is the remainder when 87 is divided by 18?
15
What is the remainder when 778 is divided by 41?
40
What is the remainder when 1850 is divided by 124?
114
What is the remainder when 2338 is divided by 30?
28
What is the remainder when 161 is divided by 77?
7
Calculate the remainder when 1818 is divided by 7.
5
What is the remainder when 269 is divided by 136?
133
What is the remainder when 897 is divided by 36?
33
Calculate the remainder when 155 is divided by 43.
26
Calculate the remainder when 482 is divided by 23.
22
Calculate the remainder when 465 is divided by 52.
49
What is the remainder when 93 is divided by 47?
46
Calculate th